3) prime?
False
Is -1*((-149232)/4)/12 a composite number?
False
Let s be ((-4)/14)/((-11)/77). Is 166/s - (-3 + 3) a composite number?
False
Let l(f) = 9 - 4*f**3 + 5*f**3 + 104*f**2 - 103*f**2. Let p be l(0). Let r(y) = 237*y - 22. Is r(p) a composite number?
False
Suppose -68 = 6*d - 242. Suppose -999 = d*c - 45746. Is c composite?
False
Let k = -9235 - -3015. Let o = -4369 - k. Is o a prime number?
False
Let p = 62499 + -26770. Is p composite?
False
Suppose -4 = -8*q + 44. Suppose 0 = -7*m + q*m + 12652. Suppose 0 = l, -4*i - 2*l + 7*l = -m. Is i composite?
False
Suppose 0*m = m - 2. Suppose -m*h = -h - 326. Suppose 2*v = 2*p + h, 5*v + 2*p + 2*p = 779. Is v composite?
True
Let y(r) = 7*r**2 - 42*r - 137. Let m = 442 + -472. Is y(m) a prime number?
False
Let h be (-10 + 2)*(-21)/14. Suppose -14*b + h*b = 8. Is (8/2 - -685) + b composite?
True
Let h(m) = 2*m + 2. Suppose 4*n = 2*b, -b - 5*n = -4*b. Let a be h(b). Is a/4 + -1 - (-174817)/118 composite?
False
Let p(w) = 101*w - 87 + 202*w**2 - 200*w + 83*w. Is p(-7) composite?
False
Let q(g) = 1255*g**2 - 27*g - 8. Let c be q(-10). Suppose 0 = -11*y - 3*y + c. Is y a prime number?
False
Suppose -6*g - 3*y = -g - 919349, 5*g + 5*y - 919345 = 0. Is g prime?
True
Let k = 7444 + -2575. Suppose 0 = -5*y + 14*y - k. Is y a prime number?
True
Let b = -31 + 36. Suppose 0 = 3*n + 9, b*d + 1 - 18 = -n. Suppose -5*m + 45 = 2*p, -d*p - 84 + 9 = -5*m. Is m prime?
True
Suppose -3*x + 51 = 4*f + 1172, -4*f + 347 = -x. Let i = 524 + x. Suppose -4*o = -i - 1407. Is o a composite number?
True
Is (((-77320)/(-12))/5)/(17/(82416/32)) a prime number?
False
Let i(y) = 6*y + 316*y**2 + y + 27*y - 12*y + 27. Is i(-5) composite?
False
Let t = -2 + 6. Let m(l) = -l**2 + 5*l + 9. Let f be m(t). Suppose -8*n = -f*n + 3235. Is n a composite number?
False
Suppose -451*w - 3201 = -452*w. Let y = -1640 + w. Is y a prime number?
False
Suppose -3 = -i - 4*j + 13, -j + 4 = -i. Suppose 15 = 5*r + v, -4*r + 21 = -i*r - v. Suppose x = r*x - 1257. Is x prime?
True
Let i = -665 - -4444. Is i a prime number?
True
Let f(l) = -5*l**3 - 95*l**2 - 31*l - 65. Is f(-66) prime?
True
Suppose -4*b = -25*b - 0*b + 10057173. Is b composite?
False
Suppose 2*g = -16 + 44. Suppose -11*c = -g*c - 1755. Let y = c + 848. Is y a prime number?
True
Is (914 + 0)/(14/(-42))*30483/(-162) a prime number?
False
Suppose 3*c - 40 - 29 = -5*g, c = 4*g - 45. Is g - -4484 - (-1 - -10) a composite number?
True
Let x(q) = -2*q**2 + 10*q - 2. Let p be x(5). Let z be (-1 - -5) + (p - (-1 + 3)). Suppose z = 2*a + 2*a - 1036. Is a a composite number?
True
Suppose -316 = -4*s + 568. Suppose 0 = -o + f, 0 = 60*o - 61*o - 5*f + 12. Suppose -4*c = 3*x + 2*x - 427, -o*c - 5*x = -s. Is c prime?
True
Let n(o) = -o**2 - 22*o - 84. Let u be n(-17). Let p(i) = 7786*i**2 + 5*i - 2. Is p(u) prime?
True
Let b = 66 + -66. Let v be ((-2)/6*b)/(7/(-7)). Suppose v = -2*x + 716 + 506. Is x composite?
True
Suppose 2*m - 29 = 3*t, -m - 2*t = -3*t - 13. Let p be (-3396)/m*(10 + -5). Let x = p - -2955. Is x a prime number?
False
Let w(q) = 44*q**2 + 41 - 43*q + 88*q - 34*q + 71*q**2. Is w(-4) a composite number?
True
Let p be -1 + -3 + 3 + 1. Suppose -3*y - 2*o + 8 = p, -y + 0*y - 1 = -3*o. Is -1 - y - (-14 + -2) a composite number?
False
Suppose -3*l + 5*m = 64, -4*l - m - 62 = 4*m. Let k be (50/l + 4/(-18))*-1. Suppose 2*d - 4146 = -2*v - 2*v, 0 = -k*v + 2*d + 3127. Is v a prime number?
True
Suppose -21*t - 1402 = -7891. Suppose 3252 + t = 3*x. Is x a prime number?
True
Let n(w) be the second derivative of 0 + 4*w + 1/6*w**3 + 1205/2*w**2. Is n(0) prime?
False
Suppose -40*g + 154290 = -245990. Is g a prime number?
True
Suppose 0 = -f - 3, -4*j + 2*f + 8 = -6*j. Let y(b) = 84*b**2 - 137*b**3 - 4*b - 43*b**2 + 5*b - 40*b**2 - 98*b**3. Is y(j) a prime number?
False
Let s(h) = 6 - 7 - 151*h**2 - h + 3*h - 164*h**2. Let o be s(2). Let l = -671 - o. Is l composite?
True
Let g = -1370 + 3121. Let t be -1252 + (1 - (-26 - -5)/7). Let f = t + g. Is f a prime number?
True
Let z(t) be the third derivative of t**6/60 + 53*t**5/60 - 11*t**4/8 - 13*t**3/6 - 10*t**2. Is z(-24) a composite number?
False
Let j(h) = -5511*h**3 + 2*h**2 - 11*h - 30. Let i be j(-2). Is -3 - 5/((-15)/i) composite?
True
Suppose 3*p - 24 = -3*y, -10 = -p - 4*p + y. Suppose -2*h - p*q = -13205, q + 1 = 6. Is h a prime number?
False
Suppose -5*v + 3*t + 31717 = -7362, -5*v + 39091 = 3*t. Is v a prime number?
True
Let z(o) = 64444*o**2 + 4*o - 1. Is z(-1) a prime number?
True
Let u be 53298/(-24) + (-36)/(-48). Let c = 2501 - u. Is c composite?
False
Suppose 27*h = 37*h - 60. Suppose h*n = 153 + 363. Is n a composite number?
True
Suppose -30 = -4*h - 10, 5*f = 4*h + 1150. Let s = f - 3265. Let w = 4454 + s. Is w composite?
False
Suppose -14*l = -19*l + 1715. Suppose 179 = f - 2*p - l, 5*f - 3*p = 2624. Is f composite?
True
Is 643723428/970 - 7/5 a prime number?
True
Suppose 4*k + 35675 = 63*t - 60*t, -3*k = -5*t + 59473. Is t prime?
True
Let l = -119 - -41. Let x = l + 257. Is x composite?
False
Suppose -701 = -g + 196. Let u = g + -502. Is u a prime number?
False
Suppose -39*x - 166938 + 867095 = 2*x. Is x composite?
False
Let k(s) = -840*s**2 + 3*s + 8. Let u be k(-2). Let c = u - -5172. Is c a composite number?
True
Let t(h) be the first derivative of h**3/3 - 2*h**2 + 1601*h + 7. Let g be t(0). Let v = -610 + g. Is v a prime number?
True
Let r(j) = 8*j**2 + 6*j**2 - 6*j**2 - 24 + 26*j + 18*j. Let t be r(23). Suppose -4*n + 4181 = 3*f - 8*f, -5*f - t = -5*n. Is n prime?
True
Let t(y) = -3*y - y**2 - 2*y + 377*y**3 + 2*y + 4*y**2 - 1. Let m be t(2). Let z = m - 1524. Is z composite?
True
Let j(c) = 4*c**2 + 24*c + 4. Let p be j(-6). Let w(q) = -526*q + 21. Let b be w(p). Let a = b + 3794. Is a a prime number?
False
Suppose 296027 = 5*o + 4*n - 180648, 0 = -5*o - 10*n + 476645. Is o composite?
False
Suppose -2777 = -3*b + 6835. Let d = b + 2695. Is d a composite number?
True
Let q be (1272 - 9)*(0/(-2) + 7). Is -3 + 2 + -1 - q/(-7) composite?
True
Let h = -428748 + 1028225. Is h composite?
False
Let f = 19 - 17. Suppose f*s = s + 5. Is ((-83)/(-1))/(6 - s) a prime number?
True
Let q(b) = -598*b**3 + 14*b**2 + 5*b + 27. Is q(-4) a prime number?
False
Let t(u) = 23*u**3 + 11*u**2 - 6*u - 1. Let h(y) = 5*y**2. Let a(r) = -h(r) + t(r). Is a(4) a prime number?
True
Is 3 + 2391 - ((-20)/(-6) + (-1)/3) a prime number?
False
Let o(t) = 13346*t**2 - 22*t - 47. Is o(-5) prime?
True
Suppose 0 = b + 3*b - 12. Suppose b*p = 5*m - 28867, 2*m - p = 2*p + 11554. Suppose 4*r - m + 183 = 0. Is r a prime number?
False
Is ((-3 - -2) + 3)*(-217446)/(-12) a composite number?
False
Suppose -3*g + 79 = n, -5*g - 4*n - 10 + 144 = 0. Suppose -g*h + 125187 = -76235. Is h a prime number?
False
Let i = -77962 + 132819. Is i prime?
False
Suppose -46112 = -o + 9354. Is o/22 + (-28)/154 prime?
True
Suppose -160 = -2*r - 3*l + l, -240 = -3*r + l. Let z = -85 + r. Is z/(-10) + 1962/4 composite?
False
Suppose 2*b = 3*j + 24103, 1862 = -b - 4*j + 13919. Is b composite?
True
Let q(w) = 3*w**3 + 2. Let x be q(-2). Let n(c) = 5*c - 50. Let m be n(x). Is -1 + 4 - (m + 0) composite?
False
Let d(u) = -5168*u**3 + 31*u**2 - 4*u - 5. Is d(-3) a composite number?
True
Let t(f) = 35753*f - 923. Is t(4) composite?
True
Is (1704332/7)/(-9 - -2*66/12) composite?
True
Let m = -26 + 20. Is m - 6/((-24)/10076) a prime number?
False
Is (-264)/55*5 + 92945 composite?
False
Let u = -40 + 59. Let c = -15 + u. Suppose l + g = 926 + 61, -c*l + 3960 = g. Is l composite?
False
Let b = -7746 + 11470. Let f = -2405 + b. Is f a prime number?
True
Suppose -4*h = u - 22, -4*h = -3*u + 6*u - 18. Suppose h*l - 8 = 28. Suppose 2*d = -3*v + 1001, 995 = 2*d - v + l*v. Is d a prime number?
False
Let x be 15/3 - (1 - -4). Suppose -2*w + x = -16. Is (-2222 + -1 + (w - 4))/(-1) a prime number?
False
Is (-571409)/(-3) - (-864)/648 a composite number?
False
Is (-3)/(-2)*(-312396)/(-126) a prime number?
True
Let x = -62967 - -242136. Is x a prime number?
False
Let r(m) = 17*m - 1. Let n be r(1). Suppose -4*b = 12, -3*b - n = -5*d + 8. Is d - (-245)/(1 + 0) - -3 prime?
True
Let x(a) = -a**2 - 5*a + 17. Let m be x(-7). Suppose 10 = -5*k, 3*u = -k - m*k + 241. Is u prime?
True
Suppose -p - 8793 = -v, 